, 113, 307
What are the prime factors of 42249291?
3, 7, 409, 4919
What are the prime factors of 2464753259?
2464753259
List the prime factors of 318114152.
2, 39764269
List the prime factors of 148788162.
2, 3, 73, 113233
What are the prime factors of 1110429022?
2, 139, 1699, 2351
List the prime factors of 81113917.
907, 89431
List the prime factors of 927273932.
2, 13, 61, 113, 199
List the prime factors of 1752688957.
1752688957
List the prime factors of 74455846.
2, 37227923
What are the prime factors of 14181799?
14181799
What are the prime factors of 62888012?
2, 11, 37, 38629
List the prime factors of 35042077.
7, 5006011
What are the prime factors of 226097547?
3, 13, 5797373
What are the prime factors of 10903393?
10903393
List the prime factors of 18225931.
719, 25349
List the prime factors of 204748504.
2, 25593563
What are the prime factors of 92095210?
2, 5, 199, 46279
List the prime factors of 4949172768.
2, 3, 1723, 29921
What are the prime factors of 1631824497?
3, 449, 403817
List the prime factors of 727734961.
29, 865321
List the prime factors of 542395928.
2, 67799491
What are the prime factors of 70180117?
7, 10025731
What are the prime factors of 1859988977?
7, 11, 24155701
List the prime factors of 72956419.
73, 83, 12041
What are the prime factors of 185035614?
2, 3, 53, 581873
What are the prime factors of 44572659?
3, 14857553
What are the prime factors of 1095848225?
5, 23, 61, 157, 199
What are the prime factors of 405305530?
2, 5, 7, 19, 43, 373
List the prime factors of 258908836.
2, 64727209
What are the prime factors of 551414711?
551414711
What are the prime factors of 967674962?
2, 3697, 130873
List the prime factors of 4633851.
3, 191, 8087
What are the prime factors of 47433218?
2, 7, 3388087
What are the prime factors of 23483783?
17, 277, 4987
What are the prime factors of 391406525?
5, 23, 680707
List the prime factors of 326617224.
2, 3, 1583, 8597
List the prime factors of 603299582.
2, 2741, 110051
List the prime factors of 1343665239.
3, 7, 61, 1048919
What are the prime factors of 4474136224?
2, 139816757
What are the prime factors of 1123446172?
2, 7057, 39799
What are the prime factors of 757129848?
2, 3, 31547077
List the prime factors of 3910549512.
2, 3, 101, 271, 5953
List the prime factors of 6045178054.
2, 19, 159083633
List the prime factors of 2771426732.
2, 193, 197, 18223
List the prime factors of 4352615372.
2, 7, 155450549
List the prime factors of 740512736.
2, 167, 138569
List the prime factors of 293177569.
43, 6818083
What are the prime factors of 1461244453?
89, 16418477
What are the prime factors of 3175107015?
3, 5, 211673801
What are the prime factors of 74499503?
13, 53, 108127
What are the prime factors of 1612531554?
2, 3, 47, 313, 18269
List the prime factors of 45557039.
11, 4141549
What are the prime factors of 4971218821?
4971218821
What are the prime factors of 2084902444?
2, 293, 1778927
What are the prime factors of 4347270205?
5, 19, 433, 105683
List the prime factors of 8515820614.
2, 7, 608272901
List the prime factors of 2065364.
2, 7, 17, 4339
List the prime factors of 338516870.
2, 5, 647, 52321
List the prime factors of 441518766.
2, 3, 13, 139, 193, 211
What are the prime factors of 1033518761?
11, 127, 739813
What are the prime factors of 1061722319?
7, 151674617
List the prime factors of 42788896.
2, 1337153
List the prime factors of 29814845.
5, 83, 71843
List the prime factors of 6138407467.
29, 103, 2055041
List the prime factors of 66740921.
13, 5133917
What are the prime factors of 3991298974?
2, 13, 23, 6674413
List the prime factors of 166088839.
7, 103, 223, 1033
What are the prime factors of 325773547?
11, 43, 199, 3461
What are the prime factors of 139636112?
2, 7, 11, 113341
List the prime factors of 9920964.
2, 3, 19, 53, 821
List the prime factors of 5432245.
5, 7, 13, 11939
What are the prime factors of 77076659?
11, 7006969
List the prime factors of 2115747143.
2971, 712133
What are the prime factors of 973949107?
973949107
List the prime factors of 76556155.
5, 13, 90599
What are the prime factors of 409451449?
11, 151, 246509
List the prime factors of 307453730.
2, 5, 1021, 30113
List the prime factors of 441268843.
29, 15216167
What are the prime factors of 400172?
2, 100043
List the prime factors of 169689205.
5, 7, 659, 1051
List the prime factors of 335504069.
1297, 258677
What are the prime factors of 30391668?
2, 3, 227, 3719
What are the prime factors of 162384578?
2, 17, 4776017
List the prime factors of 3992555401.
3992555401
What are the prime factors of 1366378435?
5, 9829, 27803
List the prime factors of 584367435.
3, 5, 17, 763879
List the prime factors of 88322859.
3, 3271217
List the prime factors of 53052435.
3, 5, 392981
List the prime factors of 1356907488.
2, 3, 59, 239567
What are the prime factors of 4929730240?
2, 5, 15405407
What are the prime factors of 107849395?
5, 21569879
List the prime factors of 354185571.
3, 31, 37, 102931
What are the prime factors of 180909554?
2, 7, 12922111
What are the prime factors of 3884068072?
2, 485508509
What are the prime factors of 316300955?
5, 63260191
What are the prime factors of 4406014229?
3347, 1316407
List the prime factors of 11824992.
2, 3, 19, 2161
List the prime factors of 45939433.
491, 93563
What are the prime factors of 284090423?
284090423
List the prime factors of 37020814.
2, 1451, 12757
What are the prime factors of 57465103?
31, 1853713
What are the prime factors of 518841820?
2, 5, 7, 23, 269, 599
What are the prime factors of 243203615?
5, 17, 47, 3581
List the prime factors of 2085727935.
3, 5, 139048529
List the prime factors of 27996942.
2, 3, 1129, 4133
List the prime factors of 39467279.
39467279
What are the prime factors of 3459784495?
5, 17, 179, 227393
What are the prime factors of 32084244?
2, 3, 563, 1583
What are the prime factors of 94722844?
2, 17, 1392983
What are the prime factors of 83217073?
83217073
What are the prime factors of 902806078?
2, 451403039
List the prime factors of 994420.
2, 5, 7, 7103
What are the prime factors of 221330880?
2, 3, 5, 8539
What are the prime factors of 2242719381?
3, 7, 106796161
List the prime factors of 400789274.
2, 103, 1945579
What are the prime factors of 47287874?
2, 43, 271, 2029
List the prime factors of 1048428082.
2, 13, 40324157
List the prime factors of 52001488.
2, 7, 11, 42209
List the prime factors of 32696152.
2, 4087019
What are the prime factors of 1105798249?
41, 26970689
List the prime factors of 2237493516.
2, 3, 186457793
What are the prime factors of 51498382?
2, 13, 1980707
List the prime factors of 115473933.
3, 12830437
What are the prime factors of 364069045?
5, 29, 61, 41161
List the prime factors of 376111009.
17, 3499, 6323
List the prime factors of 501500936.
2, 62687617
List the prime factors of 168656240.
2, 5, 23, 71, 1291
List the prime factors of 203302373.
139, 1462607
List the prime factors of 936212103.
3, 104023567
What are the prime factors of 32198934?
2, 3, 409, 13121
What are the prime factors of 254303104?
2, 11, 109, 1657
List the prime factors of 305975620.
2, 5, 19, 41, 479
List the prime factors of 26828940.
2, 3, 5, 149, 3001
List the prime factors of 70677220.
2, 5, 3533861
List the prime factors of 133997049.
3, 1381, 10781
What are the prime factors of 29445076?
2, 653, 11273
What are the prime factors of 2905007267?
157, 331, 55901
List the prime factors of 68523494.
2, 13, 73, 79, 457
What are the prime factors of 23123119?
23, 43711
What are the prime factors of 717038838?
2, 3, 13278497
What are the prime factors of 1217492070?
2, 3, 5, 19, 2135951
What are the prime factors of 118249009?
71, 1665479
List the prime factors of 315092079.
3, 1609, 7253
List the prime factors of 47203620.
2, 3, 5, 157, 5011
List the prime factors of 1809679894.
2, 11, 41, 2006297
List the prime factors of 103700586.
2, 3, 11, 1571221
What are the prime factors of 239670365?
5, 11, 223, 19541
List the prime factors of 4947749337.
3, 1649249779
What are the prime factors of 795638788?
2, 7, 1783, 15937
List the prime factors of 216064562.
2, 7, 61, 253003
List the prime factors of 36377546.
2, 1259, 14447
List the prime factors of 174659372.
2, 2011, 21713
What are the p